{"id":104,"date":"2022-06-26T07:34:58","date_gmt":"2022-06-26T07:34:58","guid":{"rendered":"http:\/\/sitesi.com.mx\/?page_id=104"},"modified":"2022-06-27T16:45:32","modified_gmt":"2022-06-27T16:45:32","slug":"soluciones","status":"publish","type":"page","link":"https:\/\/sitesi.com.mx\/?page_id=104","title":{"rendered":"Soluciones"},"content":{"rendered":"\t\t<div data-elementor-type=\"wp-page\" data-elementor-id=\"104\" class=\"elementor elementor-104\">\n\t\t\t\t\t\t\t\t\t<section class=\"elementor-section elementor-top-section elementor-element elementor-element-259108d elementor-section-boxed elementor-section-height-default elementor-section-height-default\" data-id=\"259108d\" data-element_type=\"section\">\n\t\t\t\t\t\t<div class=\"elementor-container elementor-column-gap-default\">\n\t\t\t\t\t<div class=\"elementor-column elementor-col-100 elementor-top-column elementor-element elementor-element-47780f0\" data-id=\"47780f0\" data-element_type=\"column\">\n\t\t\t<div class=\"elementor-widget-wrap elementor-element-populated\">\n\t\t\t\t\t\t\t\t<div class=\"elementor-element elementor-element-b11acd7 elementor-widget elementor-widget-heading\" data-id=\"b11acd7\" data-element_type=\"widget\" data-widget_type=\"heading.default\">\n\t\t\t\t<div class=\"elementor-widget-container\">\n\t\t\t<style>\/*! elementor - v3.6.6 - 08-06-2022 *\/\n.elementor-heading-title{padding:0;margin:0;line-height:1}.elementor-widget-heading .elementor-heading-title[class*=elementor-size-]>a{color:inherit;font-size:inherit;line-height:inherit}.elementor-widget-heading .elementor-heading-title.elementor-size-small{font-size:15px}.elementor-widget-heading .elementor-heading-title.elementor-size-medium{font-size:19px}.elementor-widget-heading .elementor-heading-title.elementor-size-large{font-size:29px}.elementor-widget-heading .elementor-heading-title.elementor-size-xl{font-size:39px}.elementor-widget-heading .elementor-heading-title.elementor-size-xxl{font-size:59px}<\/style><h2 class=\"elementor-heading-title elementor-size-default\">Routing &amp; Switching<\/h2>\t\t<\/div>\n\t\t\t\t<\/div>\n\t\t\t\t\t<\/div>\n\t\t<\/div>\n\t\t\t\t\t\t\t<\/div>\n\t\t<\/section>\n\t\t\t\t<section class=\"elementor-section elementor-top-section elementor-element elementor-element-98e5981 elementor-section-boxed elementor-section-height-default elementor-section-height-default\" data-id=\"98e5981\" data-element_type=\"section\">\n\t\t\t\t\t\t<div class=\"elementor-container elementor-column-gap-default\">\n\t\t\t\t\t<div class=\"elementor-column elementor-col-50 elementor-top-column elementor-element elementor-element-ab300f1\" data-id=\"ab300f1\" data-element_type=\"column\">\n\t\t\t<div class=\"elementor-widget-wrap elementor-element-populated\">\n\t\t\t\t\t\t\t\t<div class=\"elementor-element elementor-element-a0d036d elementor-widget elementor-widget-text-editor\" data-id=\"a0d036d\" data-element_type=\"widget\" data-widget_type=\"text-editor.default\">\n\t\t\t\t<div class=\"elementor-widget-container\">\n\t\t\t<style>\/*! elementor - v3.6.6 - 08-06-2022 *\/\n.elementor-widget-text-editor.elementor-drop-cap-view-stacked .elementor-drop-cap{background-color:#818a91;color:#fff}.elementor-widget-text-editor.elementor-drop-cap-view-framed .elementor-drop-cap{color:#818a91;border:3px solid;background-color:transparent}.elementor-widget-text-editor:not(.elementor-drop-cap-view-default) .elementor-drop-cap{margin-top:8px}.elementor-widget-text-editor:not(.elementor-drop-cap-view-default) .elementor-drop-cap-letter{width:1em;height:1em}.elementor-widget-text-editor .elementor-drop-cap{float:left;text-align:center;line-height:1;font-size:50px}.elementor-widget-text-editor .elementor-drop-cap-letter{display:inline-block}<\/style>\t\t\t\t<h5>Los routeres y swtiches son los pilares de toda comunicaci\u00f3n empresarial, desde datos hasta voz y video, adem\u00e1s de acceso inal\u00e1mbrico.<\/h5>\t\t\t\t\t\t<\/div>\n\t\t\t\t<\/div>\n\t\t\t\t\t<\/div>\n\t\t<\/div>\n\t\t\t\t<div class=\"elementor-column elementor-col-50 elementor-top-column elementor-element elementor-element-e78e77a\" data-id=\"e78e77a\" data-element_type=\"column\">\n\t\t\t<div class=\"elementor-widget-wrap elementor-element-populated\">\n\t\t\t\t\t\t\t\t<div class=\"elementor-element elementor-element-addf027 elementor-widget elementor-widget-image\" data-id=\"addf027\" data-element_type=\"widget\" data-widget_type=\"image.default\">\n\t\t\t\t<div class=\"elementor-widget-container\">\n\t\t\t<style>\/*! elementor - v3.6.6 - 08-06-2022 *\/\n.elementor-widget-image{text-align:center}.elementor-widget-image a{display:inline-block}.elementor-widget-image a img[src$=\".svg\"]{width:48px}.elementor-widget-image img{vertical-align:middle;display:inline-block}<\/style>\t\t\t\t\t\t\t\t\t\t\t\t<img loading=\"lazy\" decoding=\"async\" width=\"1024\" height=\"745\" src=\"https:\/\/sitesi.com.mx\/wp-content\/uploads\/2022\/06\/sever-3100049_1920-1024x745.jpg\" class=\"attachment-large size-large\" alt=\"\" srcset=\"https:\/\/sitesi.com.mx\/wp-content\/uploads\/2022\/06\/sever-3100049_1920-1024x745.jpg 1024w, https:\/\/sitesi.com.mx\/wp-content\/uploads\/2022\/06\/sever-3100049_1920-300x218.jpg 300w, https:\/\/sitesi.com.mx\/wp-content\/uploads\/2022\/06\/sever-3100049_1920-768x559.jpg 768w, https:\/\/sitesi.com.mx\/wp-content\/uploads\/2022\/06\/sever-3100049_1920-1536x1118.jpg 1536w, https:\/\/sitesi.com.mx\/wp-content\/uploads\/2022\/06\/sever-3100049_1920.jpg 1920w\" sizes=\"(max-width: 1024px) 100vw, 1024px\" \/>\t\t\t\t\t\t\t\t\t\t\t\t\t\t\t<\/div>\n\t\t\t\t<\/div>\n\t\t\t\t\t<\/div>\n\t\t<\/div>\n\t\t\t\t\t\t\t<\/div>\n\t\t<\/section>\n\t\t\t\t<section class=\"elementor-section elementor-top-section elementor-element elementor-element-bc98d18 elementor-section-boxed elementor-section-height-default elementor-section-height-default\" data-id=\"bc98d18\" data-element_type=\"section\">\n\t\t\t\t\t\t<div class=\"elementor-container elementor-column-gap-default\">\n\t\t\t\t\t<div class=\"elementor-column elementor-col-100 elementor-top-column elementor-element elementor-element-7890aaa\" data-id=\"7890aaa\" data-element_type=\"column\">\n\t\t\t<div class=\"elementor-widget-wrap elementor-element-populated\">\n\t\t\t\t\t\t\t\t<div class=\"elementor-element elementor-element-dd89a88 elementor-widget elementor-widget-heading\" data-id=\"dd89a88\" data-element_type=\"widget\" data-widget_type=\"heading.default\">\n\t\t\t\t<div class=\"elementor-widget-container\">\n\t\t\t<h2 class=\"elementor-heading-title elementor-size-default\">Wireless<\/h2>\t\t<\/div>\n\t\t\t\t<\/div>\n\t\t\t\t\t<\/div>\n\t\t<\/div>\n\t\t\t\t\t\t\t<\/div>\n\t\t<\/section>\n\t\t\t\t<section class=\"elementor-section elementor-top-section elementor-element elementor-element-8a69340 elementor-section-boxed elementor-section-height-default elementor-section-height-default\" data-id=\"8a69340\" data-element_type=\"section\">\n\t\t\t\t\t\t<div class=\"elementor-container elementor-column-gap-default\">\n\t\t\t\t\t<div class=\"elementor-column elementor-col-100 elementor-top-column elementor-element elementor-element-ea7845c\" data-id=\"ea7845c\" data-element_type=\"column\">\n\t\t\t<div class=\"elementor-widget-wrap elementor-element-populated\">\n\t\t\t\t\t\t\t\t<div class=\"elementor-element elementor-element-5853b58 elementor-widget elementor-widget-text-editor\" data-id=\"5853b58\" data-element_type=\"widget\" data-widget_type=\"text-editor.default\">\n\t\t\t\t<div class=\"elementor-widget-container\">\n\t\t\t\t\t\t\t<h5>El crecimiento de las redes inal\u00e1mbricas o WiFi (Interiores o Exteriores), que sin tener conexi\u00f3n f\u00edsica te permiten tener los mismos servicios de Voz, Video y Datos con las mismas bondades de seguridad, escalabilidad, flexibilidad y confiabilidad de la red cableada, pero con un costo mucho menos y con la ventaja de la movilidad.<\/h5>\t\t\t\t\t\t<\/div>\n\t\t\t\t<\/div>\n\t\t\t\t\t<\/div>\n\t\t<\/div>\n\t\t\t\t\t\t\t<\/div>\n\t\t<\/section>\n\t\t\t\t<section class=\"elementor-section elementor-top-section elementor-element elementor-element-b3ab086 elementor-section-boxed elementor-section-height-default elementor-section-height-default\" data-id=\"b3ab086\" data-element_type=\"section\">\n\t\t\t\t\t\t<div class=\"elementor-container elementor-column-gap-default\">\n\t\t\t\t\t<div class=\"elementor-column elementor-col-100 elementor-top-column elementor-element elementor-element-9f9deae\" data-id=\"9f9deae\" data-element_type=\"column\">\n\t\t\t<div class=\"elementor-widget-wrap elementor-element-populated\">\n\t\t\t\t\t\t\t\t<div class=\"elementor-element elementor-element-89ab269 elementor-widget elementor-widget-image\" data-id=\"89ab269\" data-element_type=\"widget\" data-widget_type=\"image.default\">\n\t\t\t\t<div class=\"elementor-widget-container\">\n\t\t\t\t\t\t\t\t\t\t\t\t\t\t\t<img loading=\"lazy\" decoding=\"async\" width=\"1024\" height=\"357\" src=\"https:\/\/sitesi.com.mx\/wp-content\/uploads\/2022\/06\/smart-3871774_1920-1024x357.jpg\" class=\"attachment-large size-large\" alt=\"\" srcset=\"https:\/\/sitesi.com.mx\/wp-content\/uploads\/2022\/06\/smart-3871774_1920-1024x357.jpg 1024w, https:\/\/sitesi.com.mx\/wp-content\/uploads\/2022\/06\/smart-3871774_1920-300x105.jpg 300w, https:\/\/sitesi.com.mx\/wp-content\/uploads\/2022\/06\/smart-3871774_1920-768x268.jpg 768w, https:\/\/sitesi.com.mx\/wp-content\/uploads\/2022\/06\/smart-3871774_1920-1536x535.jpg 1536w, https:\/\/sitesi.com.mx\/wp-content\/uploads\/2022\/06\/smart-3871774_1920.jpg 1920w\" sizes=\"(max-width: 1024px) 100vw, 1024px\" \/>\t\t\t\t\t\t\t\t\t\t\t\t\t\t\t<\/div>\n\t\t\t\t<\/div>\n\t\t\t\t\t<\/div>\n\t\t<\/div>\n\t\t\t\t\t\t\t<\/div>\n\t\t<\/section>\n\t\t\t\t<section class=\"elementor-section elementor-top-section elementor-element elementor-element-dfb8fd1 elementor-section-boxed elementor-section-height-default elementor-section-height-default\" data-id=\"dfb8fd1\" data-element_type=\"section\">\n\t\t\t\t\t\t<div class=\"elementor-container elementor-column-gap-default\">\n\t\t\t\t\t<div class=\"elementor-column elementor-col-100 elementor-top-column elementor-element elementor-element-383facb\" data-id=\"383facb\" data-element_type=\"column\">\n\t\t\t<div class=\"elementor-widget-wrap elementor-element-populated\">\n\t\t\t\t\t\t\t\t<div class=\"elementor-element elementor-element-ff0327a elementor-widget elementor-widget-heading\" data-id=\"ff0327a\" data-element_type=\"widget\" data-widget_type=\"heading.default\">\n\t\t\t\t<div class=\"elementor-widget-container\">\n\t\t\t<h2 class=\"elementor-heading-title elementor-size-default\">Data Center<\/h2>\t\t<\/div>\n\t\t\t\t<\/div>\n\t\t\t\t\t<\/div>\n\t\t<\/div>\n\t\t\t\t\t\t\t<\/div>\n\t\t<\/section>\n\t\t\t\t<section class=\"elementor-section elementor-top-section elementor-element elementor-element-0ada43d elementor-section-boxed elementor-section-height-default elementor-section-height-default\" data-id=\"0ada43d\" data-element_type=\"section\">\n\t\t\t\t\t\t<div class=\"elementor-container elementor-column-gap-default\">\n\t\t\t\t\t<div class=\"elementor-column elementor-col-50 elementor-top-column elementor-element elementor-element-2972c3b\" data-id=\"2972c3b\" data-element_type=\"column\">\n\t\t\t<div class=\"elementor-widget-wrap elementor-element-populated\">\n\t\t\t\t\t\t\t\t<div class=\"elementor-element elementor-element-9df6ff7 elementor-widget elementor-widget-text-editor\" data-id=\"9df6ff7\" data-element_type=\"widget\" data-widget_type=\"text-editor.default\">\n\t\t\t\t<div class=\"elementor-widget-container\">\n\t\t\t\t\t\t\t<h5>Como resultado del crecimiento exponencial en la necesidad de almacenar y albergar aplicaciones se ha generado una tendencia en las empresas a consolidar su infraestructura de comunicaciones y sistemas en Data Centers buscando eficientar y reducir costos en aspectos como espaciosn f\u00edsicos, aire acondicionado y energ\u00eda el\u00e9ctrica.<\/h5>\t\t\t\t\t\t<\/div>\n\t\t\t\t<\/div>\n\t\t\t\t\t<\/div>\n\t\t<\/div>\n\t\t\t\t<div class=\"elementor-column elementor-col-50 elementor-top-column elementor-element elementor-element-138f146\" data-id=\"138f146\" data-element_type=\"column\">\n\t\t\t<div class=\"elementor-widget-wrap elementor-element-populated\">\n\t\t\t\t\t\t\t\t<div class=\"elementor-element elementor-element-7a127e4 elementor-widget elementor-widget-image\" data-id=\"7a127e4\" data-element_type=\"widget\" data-widget_type=\"image.default\">\n\t\t\t\t<div class=\"elementor-widget-container\">\n\t\t\t\t\t\t\t\t\t\t\t\t\t\t\t<img loading=\"lazy\" decoding=\"async\" width=\"1024\" height=\"576\" src=\"https:\/\/sitesi.com.mx\/wp-content\/uploads\/2022\/06\/network-2402637_1280-1024x576.jpg\" class=\"attachment-large size-large\" alt=\"\" srcset=\"https:\/\/sitesi.com.mx\/wp-content\/uploads\/2022\/06\/network-2402637_1280-1024x576.jpg 1024w, https:\/\/sitesi.com.mx\/wp-content\/uploads\/2022\/06\/network-2402637_1280-300x169.jpg 300w, https:\/\/sitesi.com.mx\/wp-content\/uploads\/2022\/06\/network-2402637_1280-768x432.jpg 768w, https:\/\/sitesi.com.mx\/wp-content\/uploads\/2022\/06\/network-2402637_1280.jpg 1280w\" sizes=\"(max-width: 1024px) 100vw, 1024px\" \/>\t\t\t\t\t\t\t\t\t\t\t\t\t\t\t<\/div>\n\t\t\t\t<\/div>\n\t\t\t\t\t<\/div>\n\t\t<\/div>\n\t\t\t\t\t\t\t<\/div>\n\t\t<\/section>\n\t\t\t\t<section class=\"elementor-section elementor-top-section elementor-element elementor-element-c582344 elementor-section-boxed elementor-section-height-default elementor-section-height-default\" data-id=\"c582344\" data-element_type=\"section\">\n\t\t\t\t\t\t<div class=\"elementor-container elementor-column-gap-default\">\n\t\t\t\t\t<div class=\"elementor-column elementor-col-100 elementor-top-column elementor-element elementor-element-0cf6096\" data-id=\"0cf6096\" data-element_type=\"column\">\n\t\t\t<div class=\"elementor-widget-wrap elementor-element-populated\">\n\t\t\t\t\t\t\t\t<div class=\"elementor-element elementor-element-1c31ff4 elementor-widget elementor-widget-heading\" data-id=\"1c31ff4\" data-element_type=\"widget\" data-widget_type=\"heading.default\">\n\t\t\t\t<div class=\"elementor-widget-container\">\n\t\t\t<h2 class=\"elementor-heading-title elementor-size-default\">Videoconferencia<\/h2>\t\t<\/div>\n\t\t\t\t<\/div>\n\t\t\t\t\t<\/div>\n\t\t<\/div>\n\t\t\t\t\t\t\t<\/div>\n\t\t<\/section>\n\t\t\t\t<section class=\"elementor-section elementor-top-section elementor-element elementor-element-eb65948 elementor-section-boxed elementor-section-height-default elementor-section-height-default\" data-id=\"eb65948\" data-element_type=\"section\">\n\t\t\t\t\t\t<div class=\"elementor-container elementor-column-gap-default\">\n\t\t\t\t\t<div class=\"elementor-column elementor-col-50 elementor-top-column elementor-element elementor-element-bc62609\" data-id=\"bc62609\" data-element_type=\"column\">\n\t\t\t<div class=\"elementor-widget-wrap elementor-element-populated\">\n\t\t\t\t\t\t\t\t<div class=\"elementor-element elementor-element-c406dc4 elementor-widget elementor-widget-image\" data-id=\"c406dc4\" data-element_type=\"widget\" data-widget_type=\"image.default\">\n\t\t\t\t<div class=\"elementor-widget-container\">\n\t\t\t\t\t\t\t\t\t\t\t\t\t\t\t<img loading=\"lazy\" decoding=\"async\" width=\"1024\" height=\"683\" src=\"https:\/\/sitesi.com.mx\/wp-content\/uploads\/2022\/06\/network-6684428_1920-1024x683.jpg\" class=\"attachment-large size-large\" alt=\"\" srcset=\"https:\/\/sitesi.com.mx\/wp-content\/uploads\/2022\/06\/network-6684428_1920-1024x683.jpg 1024w, https:\/\/sitesi.com.mx\/wp-content\/uploads\/2022\/06\/network-6684428_1920-300x200.jpg 300w, https:\/\/sitesi.com.mx\/wp-content\/uploads\/2022\/06\/network-6684428_1920-768x512.jpg 768w, https:\/\/sitesi.com.mx\/wp-content\/uploads\/2022\/06\/network-6684428_1920-1536x1024.jpg 1536w, https:\/\/sitesi.com.mx\/wp-content\/uploads\/2022\/06\/network-6684428_1920.jpg 1920w\" sizes=\"(max-width: 1024px) 100vw, 1024px\" \/>\t\t\t\t\t\t\t\t\t\t\t\t\t\t\t<\/div>\n\t\t\t\t<\/div>\n\t\t\t\t\t<\/div>\n\t\t<\/div>\n\t\t\t\t<div class=\"elementor-column elementor-col-50 elementor-top-column elementor-element elementor-element-f7c57f4\" data-id=\"f7c57f4\" data-element_type=\"column\">\n\t\t\t<div class=\"elementor-widget-wrap elementor-element-populated\">\n\t\t\t\t\t\t\t\t<div class=\"elementor-element elementor-element-0be1777 elementor-widget elementor-widget-text-editor\" data-id=\"0be1777\" data-element_type=\"widget\" data-widget_type=\"text-editor.default\">\n\t\t\t\t<div class=\"elementor-widget-container\">\n\t\t\t\t\t\t\t<h5>Gracias a la alta calidad de imagen, el intercambio de informaci\u00f3n y la comunicaci\u00f3n a trav\u00e9s de gestos, miradas y lenguaje corporal, se logra generar una atm\u00f3sfera presencial de trabajo.<\/h5>\t\t\t\t\t\t<\/div>\n\t\t\t\t<\/div>\n\t\t\t\t\t<\/div>\n\t\t<\/div>\n\t\t\t\t\t\t\t<\/div>\n\t\t<\/section>\n\t\t\t\t<section class=\"elementor-section elementor-top-section elementor-element elementor-element-4e60c93 elementor-section-boxed elementor-section-height-default elementor-section-height-default\" data-id=\"4e60c93\" data-element_type=\"section\">\n\t\t\t\t\t\t<div class=\"elementor-container elementor-column-gap-default\">\n\t\t\t\t\t<div class=\"elementor-column elementor-col-100 elementor-top-column elementor-element elementor-element-ecdef35\" data-id=\"ecdef35\" data-element_type=\"column\">\n\t\t\t<div class=\"elementor-widget-wrap elementor-element-populated\">\n\t\t\t\t\t\t\t\t<div class=\"elementor-element elementor-element-34dcbb4 elementor-widget elementor-widget-heading\" data-id=\"34dcbb4\" data-element_type=\"widget\" data-widget_type=\"heading.default\">\n\t\t\t\t<div class=\"elementor-widget-container\">\n\t\t\t<h2 class=\"elementor-heading-title elementor-size-default\">Soluciones de Voz<\/h2>\t\t<\/div>\n\t\t\t\t<\/div>\n\t\t\t\t\t<\/div>\n\t\t<\/div>\n\t\t\t\t\t\t\t<\/div>\n\t\t<\/section>\n\t\t\t\t<section class=\"elementor-section elementor-top-section elementor-element elementor-element-92625e8 elementor-section-boxed elementor-section-height-default elementor-section-height-default\" data-id=\"92625e8\" data-element_type=\"section\">\n\t\t\t\t\t\t<div class=\"elementor-container elementor-column-gap-default\">\n\t\t\t\t\t<div class=\"elementor-column elementor-col-100 elementor-top-column elementor-element elementor-element-d6e5d04\" data-id=\"d6e5d04\" data-element_type=\"column\">\n\t\t\t<div class=\"elementor-widget-wrap elementor-element-populated\">\n\t\t\t\t\t\t\t\t<div class=\"elementor-element elementor-element-65798f3 elementor-widget elementor-widget-text-editor\" data-id=\"65798f3\" data-element_type=\"widget\" data-widget_type=\"text-editor.default\">\n\t\t\t\t<div class=\"elementor-widget-container\">\n\t\t\t\t\t\t\t<h5 style=\"text-transform: none; font-style: normal;\">Te ofrecemos servicios de instalaci\u00f3n y mantenimiento a equipos telef\u00f3nicos; desde multilineas hasta PBx de grandes empresas, contamos con personal especializado y manejo de tecnolog\u00edas TDM de las principales marcas del mercado.<\/h5>\t\t\t\t\t\t<\/div>\n\t\t\t\t<\/div>\n\t\t\t\t\t<\/div>\n\t\t<\/div>\n\t\t\t\t\t\t\t<\/div>\n\t\t<\/section>\n\t\t\t\t<section class=\"elementor-section elementor-top-section elementor-element elementor-element-bd07b8c elementor-section-boxed elementor-section-height-default elementor-section-height-default\" data-id=\"bd07b8c\" data-element_type=\"section\">\n\t\t\t\t\t\t<div class=\"elementor-container elementor-column-gap-default\">\n\t\t\t\t\t<div class=\"elementor-column elementor-col-100 elementor-top-column elementor-element elementor-element-a30b5b7\" data-id=\"a30b5b7\" data-element_type=\"column\">\n\t\t\t<div class=\"elementor-widget-wrap elementor-element-populated\">\n\t\t\t\t\t\t\t\t<div class=\"elementor-element elementor-element-da6bf48 elementor-widget elementor-widget-image\" data-id=\"da6bf48\" data-element_type=\"widget\" data-widget_type=\"image.default\">\n\t\t\t\t<div class=\"elementor-widget-container\">\n\t\t\t\t\t\t\t\t\t\t\t\t\t\t\t<img loading=\"lazy\" decoding=\"async\" width=\"1024\" height=\"395\" src=\"https:\/\/sitesi.com.mx\/wp-content\/uploads\/2022\/06\/smartphone-5692537_1920-1024x395.jpg\" class=\"attachment-large size-large\" alt=\"\" srcset=\"https:\/\/sitesi.com.mx\/wp-content\/uploads\/2022\/06\/smartphone-5692537_1920-1024x395.jpg 1024w, https:\/\/sitesi.com.mx\/wp-content\/uploads\/2022\/06\/smartphone-5692537_1920-300x116.jpg 300w, https:\/\/sitesi.com.mx\/wp-content\/uploads\/2022\/06\/smartphone-5692537_1920-768x296.jpg 768w, https:\/\/sitesi.com.mx\/wp-content\/uploads\/2022\/06\/smartphone-5692537_1920-1536x593.jpg 1536w, https:\/\/sitesi.com.mx\/wp-content\/uploads\/2022\/06\/smartphone-5692537_1920.jpg 1920w\" sizes=\"(max-width: 1024px) 100vw, 1024px\" \/>\t\t\t\t\t\t\t\t\t\t\t\t\t\t\t<\/div>\n\t\t\t\t<\/div>\n\t\t\t\t\t<\/div>\n\t\t<\/div>\n\t\t\t\t\t\t\t<\/div>\n\t\t<\/section>\n\t\t\t\t\t\t\t<\/div>\n\t\t","protected":false},"excerpt":{"rendered":"<p>Routing &amp; Switching Los routeres y swtiches son los pilares de toda comunicaci\u00f3n empresarial, desde datos hasta voz y video, adem\u00e1s de acceso inal\u00e1mbrico. Wireless El crecimiento de las redes inal\u00e1mbricas o WiFi (Interiores o Exteriores), que sin tener conexi\u00f3n f\u00edsica te permiten tener los mismos servicios de Voz, Video y Datos con las mismas [&hellip;]<\/p>\n","protected":false},"author":1,"featured_media":0,"parent":0,"menu_order":0,"comment_status":"closed","ping_status":"closed","template":"","meta":{"footnotes":""},"class_list":["post-104","page","type-page","status-publish","hentry"],"_links":{"self":[{"href":"https:\/\/sitesi.com.mx\/index.php?rest_route=\/wp\/v2\/pages\/104"}],"collection":[{"href":"https:\/\/sitesi.com.mx\/index.php?rest_route=\/wp\/v2\/pages"}],"about":[{"href":"https:\/\/sitesi.com.mx\/index.php?rest_route=\/wp\/v2\/types\/page"}],"author":[{"embeddable":true,"href":"https:\/\/sitesi.com.mx\/index.php?rest_route=\/wp\/v2\/users\/1"}],"replies":[{"embeddable":true,"href":"https:\/\/sitesi.com.mx\/index.php?rest_route=%2Fwp%2Fv2%2Fcomments&post=104"}],"version-history":[{"count":7,"href":"https:\/\/sitesi.com.mx\/index.php?rest_route=\/wp\/v2\/pages\/104\/revisions"}],"predecessor-version":[{"id":134,"href":"https:\/\/sitesi.com.mx\/index.php?rest_route=\/wp\/v2\/pages\/104\/revisions\/134"}],"wp:attachment":[{"href":"https:\/\/sitesi.com.mx\/index.php?rest_route=%2Fwp%2Fv2%2Fmedia&parent=104"}],"curies":[{"name":"wp","href":"https:\/\/api.w.org\/{rel}","templated":true}]}}